uppose 0 = -4*l + v + 7. What is the remainder when p is divided by l?
4
Let a(d) = 3*d - 86. Calculate the remainder when 96 is divided by a(37).
21
Let s(f) = f**2 + 9*f - 1. Let g be s(-10). Suppose g*x - 222 = 3*x. What is the remainder when x is divided by 13?
11
Suppose 4*z + 72 = -0*z. Let x(y) = -7*y + 6. Let w be x(-5). Let n = w + z. What is the remainder when 89 is divided by n?
20
Calculate the remainder when (-2)/9 + 3970/45 + 11 is divided by 5.
4
Let s(c) be the first derivative of -1/2*c**4 - 4 - 2*c**3 - c - c**2. Calculate the remainder when s(-4) is divided by 21.
18
Calculate the remainder when 2 - 6 - (4 + -7 - 108) is divided by 28.
23
Suppose 0 = -0*r + 2*r + t + 13, 4*r - t + 29 = 0. Calculate the remainder when -2 - 4*(-2 + r) is divided by 18.
16
Let n be (-6 - -7)/(2/4). Calculate the remainder when (-1)/((-3)/(n - -205)) is divided by 24.
21
Let s be 93/2*2/3. Suppose -5 = d - s. Calculate the remainder when 73 is divided by d.
21
Suppose -100 = -8*i + 3*i. Let h be -3 + 5/(i/96). Suppose -2*w = -9 - h. Calculate the remainder when w is divided by 4.
3
Let w(z) = 2*z**2 + 4*z - 3. Suppose d + 322 = -6*d + 861. Calculate the remainder when d is divided by w(2).
12
Suppose 795 = 2*l + 3*l. Let f = -70 + -42. Let v = l + f. Calculate the remainder when v is divided by 12.
11
Suppose -2*s + 298 = 3*y - s, 5*s - 118 = -y. Suppose -4*t - 2*p + 57 - 9 = 0, -4*t = 5*p - 66. Calculate the remainder when y is divided by t.
8
Suppose 0 = -56*i + 69*i - 1612. Calculate the remainder when 241 is divided by i.
117
Suppose 17 = 6*v - 205. Let x = v + -7. What is the remainder when x is divided by 6?
0
Calculate the remainder when (-18)/12*-4*(-554)/(-12) is divided by 31.
29
Let s(g) = 2*g - 14. Suppose -2*k + 38 = 2*x, x - 3*k = 3 + 8. Calculate the remainder when x is divided by s(10).
5
Let o = -791 + 903. Calculate the remainder when o is divided by 19.
17
Let s be (-3)/((-22)/(-4) - 4). Suppose -5*z - 3*i = -255 + 65, 10 = 2*i. What is the remainder when (-4669)/(-46) - 3/s is divided by z?
33
Let h(w) = 4*w - 1. What is the remainder when h(12) is divided by 3?
2
Suppose -m = 3*m + 280. Let l = -60 - m. Calculate the remainder when 17 is divided by l.
7
Calculate the remainder when (-72)/2*110/(-30) is divided by ((-4)/(-6))/((-8)/(-228)).
18
Let b = 2054 - 2043. What is the remainder when 494 is divided by b?
10
Calculate the remainder when (-57 - 1)/((-74)/222) is divided by 15.
9
Let l(k) = 3*k**2 - 2*k - 2. What is the remainder when l(2) is divided by 2 + -1 - (5 - (-6 + 13))?
0
What is the remainder when (-41 + 11)/(-6) + 183 is divided by 49?
41
Let q(y) = -23*y - 127. Calculate the remainder when 50 is divided by q(-6).
6
Let z = 57 - 18. Calculate the remainder when z is divided by (124/(-496))/(2/(-104)*1).
0
Let u = 139 - 102. What is the remainder when 182 is divided by u?
34
Let g = 1 - -1. Let a = 2 + 4. Calculate the remainder when (a/(-9))/(g/(-93)) is divided by 11.
9
Let k = 198 + -126. What is the remainder when k is divided by 11?
6
Let c be (-80)/(-36) + (-4)/18. Suppose 15 + 35 = k - 3*o, -c*o + 30 = k. Let y = -32 + k. Calculate the remainder when 14 is divided by y.
2
Suppose 2*a + a = -3*s + 48, 3*s + 4*a - 44 = 0. What is the remainder when (-5 + (-87)/(-2))*2 is divided by s?
17
Let x = 7 + -3. Suppose 2*i + 88 = x*i. Suppose 3*u + u = 60. Calculate the remainder when i is divided by u.
14
Let i(h) = -3*h + 285. What is the remainder when i(41) is divided by 37?
14
Let h(f) = -2*f**2 - 43*f - 152. Calculate the remainder when h(-15) is divided by 20.
3
Suppose 0*l + l - 36 = 0. Suppose 2*h + 54 = 3*s + 336, -h - 4*s = -141. What is the remainder when h is divided by l?
33
Suppose -73 - 95 = -14*n. Suppose 5*o - 195 = -4*g - 53, 0 = -4*g + n. What is the remainder when 93 is divided by o?
15
Let s(f) = -3*f - 4. Let m be -1 + (4 - 0 - 15). What is the remainder when s(m) is divided by 11?
10
Suppose -5*z = x + 22, 2*x + 27 = -3*z + 6*x. Calculate the remainder when (-1 - z/15)/(1/(-33)) is divided by 12.
10
Suppose -2*r - 2*p = 34, 4*r + 38 = -5*p - 34. Let u(x) = x**2 + 8*x - 5. What is the remainder when u(r) is divided by 16?
12
Let a(l) = -4*l - 3. Let p be a(-14). Suppose 5*w - 143 = -p. Calculate the remainder when w is divided by 7.
4
Suppose 6*p = 4*p + 24. Let c = 22 - 31. Let d = p + c. Calculate the remainder when 5 is divided by d.
2
Let d(m) = 16*m**3 - m**2 - 2*m - 2. Let l be d(-1). Let u = l - -21. Let h = -1 + 6. What is the remainder when h is divided by u?
1
Suppose c - 4*d - 17 = 0, 9 = c - 2*d - 6. Let j be (-2)/(-5)*(186 - 1). Suppose 3*b = b + j. Calculate the remainder when b is divided by c.
11
Let j = 65 - 37. Suppose 4*d - j = 12. Calculate the remainder when 37 is divided by d.
7
Let o = 119 + -64. Let k = -32 + o. What is the remainder when k is divided by 6?
5
Let b be (4 - 6 - -6) + 6. Calculate the remainder when (-1*(-5)/b)/(1/22) is divided by (-2)/(2/(-3)) - 1.
1
Let w = -16 - -27. Calculate the remainder when 40 is divided by w.
7
Let i be 2/(-3) + 560/(-6). Let n = i + 105. Calculate the remainder when n is divided by 7.
4
Suppose 3*q + 2 = 5. Suppose f - 3 - q = 0. Suppose f*h = 3*k + 16, 8 - 2 = 2*h - 2*k. Calculate the remainder when 27 is divided by h.
6
Let y = -23 + 32. Let l(j) be the second derivative of 25*j**4/12 + j**3/6 + j**2/2 + 2*j. Calculate the remainder when l(-1) is divided by y.
7
Let t(z) = -11*z - 183. What is the remainder when 101 is divided by t(-19)?
23
Suppose -h - 13 = -5*s, -42 = -5*h - 4*s + 9. Calculate the remainder when 145 is divided by h.
5
Let c = -158 - -220. Calculate the remainder when 238 is divided by c.
52
Suppose 8*a + 2*s - 461 = 3*a, -4*s = a - 103. What is the remainder when a is divided by 47?
44
Suppose 10*r - 5*r = 940. Suppose -4*k - 4*q + r = 0, k - 4*q - q = 23. What is the remainder when k is divided by 13?
4
Let s(p) = -4*p**2 + 7*p - 4. Let n be s(4). Let m = -17 - n. Calculate the remainder when 42 is divided by m.
19
Let k be 58/(-4)*(-1 + -1). Let n = 33 - k. What is the remainder when n is divided by 1?
0
Let r = 16 - -40. Suppose 5*w = -2*w + 105. What is the remainder when r is divided by w?
11
Suppose 5*n - 182 = 88. Calculate the remainder when 483 is divided by n.
51
Let g = 165 - 109. Suppose 0*l - g = -4*l. Calculate the remainder when 135/3 + 1 - (13 + -8) is divided by l.
13
Let v(a) = -a - 391. Let c = -5 - -5. Let z be v(c). What is the remainder when (-8)/(-32) - z/4 is divided by 25?
23
Suppose -8*l = 245 - 469. What is the remainder when 74 is divided by l?
18
Let t(p) = 0*p**2 - p**2 - 2*p**2 + 3 - 3*p + 2*p**2. Calculate the remainder when 11 is divided by t(-3).
2
Let o(h) = 2*h**2 + 29*h + 193. Calculate the remainder when o(-20) is divided by 23.
22
Suppose 234 = 3*t + 3*t. Calculate the remainder when 233 is divided by t.
38
Let l(v) = v**3 - 10*v**2 - 8*v - 7. Calculate the remainder when 204 is divided by l(11).
22
What is the remainder when (-9)/(-9) - (2006/(-1) - 5) is divided by 65?
62
Let c = 227 - 104. Calculate the remainder when c is divided by 42.
39
Suppose 0 = 4*u - 0*x - 4*x - 20, 4*u - 11 = -5*x. What is the remainder when 92 is divided by ((-2)/u)/(6/(-228))?
16
Let x(c) = -c**3 + 5*c**2 - 2*c - 3. Let b be x(2). Suppose -2*o = -a + b, a + 4*o - 23 = 12. What is the remainder when 87 is divided by a?
12
Let x(s) = -4*s + 0*s + 20 - 22. Calculate the remainder when 71 is divided by x(-10).
33
Suppose 4*f - 4*k = 152, -7*f + 2*f + 182 = -k. What is the remainder when 46 is divided by f?
10
Let l(x) = x**2 + 8*x - 27. Let q be l(-13). Suppose -33*u = -q*u + 215. Calculate the remainder when 128 is divided by u.
42
Let k(l) = -125*l - 1. Let u be k(-1). Let h = 173 - u. What is the remainder when h is divided by 13?
10
Let c(t) = 3*t + 1. Calculate the remainder when (170/(-7) + 2)/(70/(-245)) is divided by c(7).
12
Let z(x) = 5*x - 36. Suppose -39 = -5*o - 4*w, 3*w + 26 + 19 = 3*o. Calculate the remainder when z(o) is divided by 2.
1
What is the remainder when 481/111*(0 + 12) is divided by 14?
10
Suppose 0 = -v + 3*i + 500, -980 = -2*v - 6*i + 2*i. Calculate the remainder when v is divided by 55.
54
Let o = -66 - -29. Let u = o + 52. Suppose 0 = 2*g - 3*g + u. Calcul